 6*c - 8. Give p(w).
8
Let h(g) = g**3 - 7*g**2 + 6*g + 6. Let x be (81/6)/3*4. Suppose -3*s = -0 - x. Determine h(s).
6
Let f be ((-2)/6 + 0)*-9. Let b(g) = -5*g + 1. Let s be b(-1). Suppose f*w - s = 6*w. Let n(o) = -4*o + 2. What is n(w)?
10
Suppose 0*b + 5*b - 5 = 0. Let c(q) be the second derivative of 3*q**5/10 + q**3/6 - 54*q. Give c(b).
7
Suppose f = -0*m - m + 3, 4*f - 2 = -2*m. Let x(u) = u**2 - 2*u - 2. Give x(m).
13
Let x(k) be the first derivative of -k**3/3 + 2*k**2 + 7*k - 14. Let z = 17 + -12. Calculate x(z).
2
Let u(h) = h**2 + 9*h + 3. Let a be 14/(-4)*(-5 - -3 - -4). Calculate u(a).
-11
Let b be 3/(-30)*4 - (-144)/(-40). Let l(y) = -4*y - 8. What is l(b)?
8
Let b(s) = -2*s**2 - 7*s - 5. Let d(u) = -u**3 - 6*u**2 - 6*u - 5. Let g be d(-5). Let r be (9/(-12))/(21/(-56)). Suppose r*k + 3*k + 20 = g. Calculate b(k).
-9
Let o(l) = 5*l**2 - 1. Suppose -3*k - 75 = -72. What is o(k)?
4
Let i(h) = -82*h**3 - 3*h + 4*h + 13 - 3*h**2 + 83*h**3 + 2*h**2. Determine i(0).
13
Suppose 3*s = -4*i - 5, -5*s + 47*i - 55 = 42*i. Let x = -2 + 4. Let w(v) = v**2 - 10*v - 9 - x*v**2 + v. Determine w(s).
5
Let l(k) be the first derivative of 3*k**2/2 - 3. Suppose 10 = -2*w, 0*v - v - 21 = 4*w. Give l(v).
-3
Let s(o) = 2*o + 0*o - 2 - o. Let i be 352/(-165) - -2 - 88/15. What is s(i)?
-8
Let m(o) be the first derivative of -o**2 - 5*o - 74. Calculate m(-4).
3
Let a = -15 + 8. Let x = -8 - a. Let r(w) = -w**2 - 3*w - 3. Let u(v) = -2*v - 2. Let n(i) = 3*r(i) - 5*u(i). Give n(x).
-3
Suppose 6*z = 117 + 21. Let f(b) = z + 25 - 49 - b. What is f(4)?
-5
Let c(n) = -2*n - 1. Let l(u) = -2*u**2 - 10*u - 8. Let t be l(-4). Let w = t - 1. Give c(w).
1
Let o(x) = -435*x - 20 + 21 + 396*x. Calculate o(-1).
40
Let b be 12*(-7)/((-252)/6). Let p(h) be the second derivative of 0 + 1/2*h**b + 2/3*h**3 + 6*h. Calculate p(-3).
-11
Let j(t) = t**3 - 4*t**2 - 6*t - 1. Let v = -87 - -24. Let x be (-14)/v + (-43)/(-9). Give j(x).
-6
Let q(i) = 2*i**3 - 7*i**3 - 2*i - 12*i**2 - 16 + 4*i**3 - 11*i. Let c be q(-11). Let h(t) = -t + 5. Give h(c).
-1
Let c be (4/3)/((-6)/(-9)). Let o(r) = -5. Let z(h) = 9. Let d(k) = -11*o(k) - 6*z(k). Let g(p) = 3*p - 4. Let j(i) = -3*d(i) - g(i). Give j(c).
-5
Suppose -6*u - 21 = -2*u - 5*v, 20 = 4*v. Let p(i) = -12*i**3 + i**2 - 1. Determine p(u).
-12
Suppose -3*a - 4*k = -141, -159 = -5*a - 3*k + 65. Let q = a + -49. Let u(b) be the second derivative of b**4/12 + b**3 - 5*b**2/2 + b. Give u(q).
-5
Let h be (-1)/(-6) + (-49)/42. Let g(a) = -5*a - 2. Let s be g(h). Let w(i) = -4*i**2 + 2*i**3 + 6*i + 4 - 3*i**s + 0*i**2 - i**2. Give w(-6).
4
Let l(w) = -4*w - 4. Let q be l(-2). Let d be -5 - -2 - -4 - q. Let r(o) = o**3 + 4*o**2 + 2. Determine r(d).
11
Let f = -24 + 30. Suppose 8 = -2*j + f*j. Let s(v) = -1 + v**j - 371*v + 371*v. Give s(0).
-1
Suppose s = -9 - 4. Let h = 15 + s. Let c(d) = 4 + 1 - 4 - 3*d + d**h. What is c(2)?
-1
Let t(g) be the first derivative of -3*g**2/2 + 8*g + 54. Determine t(6).
-10
Let b(f) = 7*f + 4*f + 2*f**3 - 1 - 234*f**2 + 112*f**2 + 110*f**2 - f**3. Give b(11).
-1
Let q(c) = -c - 6. Let b(a) = a**3 - 18*a**2 + 29*a + 45. Let g be b(16). Suppose -2*l + 0*l - 2*j = -16, -4*j + 26 = 2*l. Let f be (-1)/g - 1/l. Give q(f).
-6
Let a(k) = -10*k**3 + 2*k**2 + 33*k + 7. Let j(q) = -3*q**3 + q**2 + 11*q + 2. Let z(l) = 2*a(l) - 7*j(l). Determine z(5).
-5
Let h(d) = d**2 + 4*d + 1. Let c(x) be the second derivative of -x**3/6 - 7*x**2/2 - 10*x. Let b be c(-4). What is h(b)?
-2
Let j(b) = -6*b - 15. Let s(i) = 3*i + 7. Let y(t) = -3*j(t) - 7*s(t). Let r be y(-3). Let l(v) = v**2 - 7*v + 5. Calculate l(r).
-5
Let o(g) = g**2 - 17*g - 31. Let k(p) = -20*p**3 - p**2 - 3*p - 3. Let i be k(-1). Determine o(i).
7
Let h = 185 - 185. Let m(q) be the second derivative of 0*q**3 + 0 + h*q**4 - 3*q - 1/2*q**2 - 1/20*q**5. Give m(-2).
7
Let p(x) = -9*x**3 + x**2 - 5*x + 9. Let o(q) = -7*q**3 + q**2 - 4*q + 8. Let f(b) = 5*o(b) - 4*p(b). Let c(h) = h + 9. Let s be c(-9). What is f(s)?
4
Let c(y) = -y**3 - 7*y**2 - 11*y - 3. Let d be (1/2)/((-3)/24). Give c(d).
-7
Let p(x) = -x - 1. Let y(w) = 6*w - 1. Let m(q) = -4*p(q) - y(q). Let r(d) = -5*d. Let v be r(-6). Let b = -23 + v. Calculate m(b).
-9
Let m(k) = -21*k**2 + 3*k + 2. Suppose 0 = 6*t + 11 - 17. Let g(w) = w**2 + w + 1. Let z(d) = t*m(d) - 2*g(d). Calculate z(1).
-22
Let f(i) = 17*i**3 - 2*i**2 + 1. Let j be f(2). Let s(c) = -j*c + 65*c + 63*c. What is s(5)?
-5
Let y(a) = -3*a**3 + 17*a**2 - a - 37. Let j be y(5). Let h(d) = -7*d + 3. Calculate h(j).
-53
Let t(q) = q - 4. Let g = 20 - 22. Let c be ((-20)/(-1 - -3))/g. What is t(c)?
1
Let a be 42/(-9) - 4/(-6). Let n be -5 - -5 - (a + 0). Suppose 4*v = -n*f - 18 - 22, 0 = 2*v - f + 8. Let k(g) = g**3 + 7*g**2 + 5*g - 5. Determine k(v).
1
Suppose -381 = 4*l - 345. Let s(t) = 2*t**2 + 16*t. What is s(l)?
18
Let n(z) = -z**2 - z + 1. Let p(x) = -10*x**2 - 5*x + 5. Let b(o) = -5*n(o) + p(o). Suppose 0*s + 4 = -4*s. Let g(h) = -h. Let r be g(s). What is b(r)?
-5
Suppose 0 = -8*u + 468 - 444. Let g(s) = s + 2*s + 3 + 0*s**2 - 2*s + s**2. Give g(u).
15
Let s(q) = 1 + 1 + q**2 - 1006*q + 1016*q. Determine s(-10).
2
Let q(i) = 8*i**2 - 4*i + 5. Let b(j) = -4*j**2 + 2*j - 2. Let d(y) = -7*b(y) - 3*q(y). Give d(2).
11
Let w be 4/(-5) + (-8 - 176/(-20)). Let b(t) = -t**3 - t**2 + t + 10. Determine b(w).
10
Let t be (287/(-164))/(3/4 + -1). Let b(u) = 4 - u + 2 + t - 8. Let r = 11 + -7. Calculate b(r).
1
Let k(b) = 5*b**2 + 7*b - 8. Let n(t) = 4*t**2 + 5*t - 6. Let y(c) = 3*k(c) - 4*n(c). Let m = 1 + -1. Give y(m).
0
Suppose -5*n - 4*b - 10 = -0*b, 4*b + 4 = -4*n. Let a(v) = -20*v + 55. Let y(g) = 7*g - 19. Let u(x) = n*a(x) - 17*y(x). Determine u(11).
4
Let u(k) = 2*k**2 + 4*k + 4. Let r = 351 - 353. What is u(r)?
4
Let u(h) = 6*h**2 + 7*h - 2. Let s(w) = 1. Let a(t) = -4*s(t) + u(t). Suppose 6*i - i + 25 = 0. Let d(b) = -b**2 - b + 1. Let g(c) = i*d(c) - a(c). Give g(-4).
-7
Let u(t) = t + 7. Suppose -b + 3*q = -2*q - 22, 3*b = -5*q + 6. Suppose b*d + 15 = -20. Give u(d).
2
Let d(z) = z**3 - 4*z**2 + 2*z - 4. Let v be d(4). Suppose 10 - 7 = 3*x. Let s(r) = v - r**2 + x - 7 - 6*r + 3. Calculate s(-6).
1
Let z(q) = 2*q**2 - 5. Suppose -3*i - t + 14 = 0, -16 - 6 = -5*i - t. Calculate z(i).
27
Let x(n) = -n - 1. Let a be x(-18). Suppose 0 = -a*w + 15*w + 4. Let p(j) = -3*j**2 + 11*j**w - 10*j - 7*j**3 + 8*j**3 - 10. Determine p(-9).
-1
Let a(y) = -y + 2*y**2 - 2*y**2 - y**2 + 3. Let k = 16 - -12. Let g = -32 + k. Calculate a(g).
-9
Let i(c) = -c**3 - 4*c**2 - c + 2. Suppose 266*j - 259*j = -28. What is i(j)?
6
Let h(v) be the first derivative of -34 - 2*v + 1/2*v**2. Determine h(1).
-1
Let y(h) = 6*h**2 + h - 1. Suppose -2*f + 3*f + 1 = 0. Let p(r) = -6*r**2 + r + 1. Let b be p(f). Let o = b + 7. Give y(o).
6
Let b(l) = l. Let u = -34 + 46. Suppose 2 = 5*x + u. Give b(x).
-2
Let c(x) be the first derivative of -9*x**4/4 + x**3/3 + x**2/2 + 1. Let n = -6139 + 6138. What is c(n)?
9
Suppose -2*s = 7 + 3, i - 4*s - 32 = 0. Suppose 2*d - 5*h = i, -3*d - 4*h = -h + 24. Let z(n) = n**2 + 9*n - 2. Determine z(d).
-22
Suppose 10 = -i - 22. Let m be (-4)/(-10) + i/(-20). Let u(x) = -m*x - x - x - 9 + 3*x. Determine u(-6).
-3
Let x = 192 - 191. Let s(n) = 9*n**2 - 1. Give s(x).
8
Let u(t) = t**2 + 4*t - 6. Let i(w) = -1. Let v(f) = -f. Let q(a) = -5*i(a) - 10*v(a). Let p be q(-2). Let h = -20 - p. What is u(h)?
-1
Suppose -14 - 10 = -4*k. Let v be (k/(-15))/(1/(-10)). Suppose -2*x = 14 - v. Let i(u) = 2*u + 5. Give i(x).
-5
Let n(z) be the second derivative of z**8/960 + z**7/2520 + z**6/360 + z**5/120 - 7*z**4/6 - 11*z. Let p(c) be the third derivative of n(c). What is p(-1)?
-7
Let d = -8 - -14. Let b(v) = 4*v - 2 - v - 3*v + 3*v. Let s(m) = m. Let o(a) = b(a) - 2*s(a). What is o(d)?
4
Let z(u) = u**3 + 9*u**2 + 8*u - 5. Let g(y) = y - 16. Suppose 5*r - 18 = 22. Let b be g(r). Calculate z(b).
-5
Let z(r) = -9 + 7*r**2 + 9 - 1 + 5*r. Let s(v) = -20*v**2 - 15*v + 3. Suppose -7*m + 8*m + 17 = 0. Let k(w) = m*z(w) - 6*s(w). Determine k(-4).
-5
Let q(f) = -2*f**2 + 2*f + 1. Let o(s) = 13*s**2 - 3*s - 6. Let u(w) = -o(w) - 6*q(w). Calculate u(-7).
14
Let f(a) = 36802 - 36823 + 3*a**2 - 2*a**2. Suppose 3*w = 2*w. Determine f(w).
-21
Suppose -4*k = 20, 